[INFO] cloning repository https://github.com/Gankro/hash-rs
[INFO] running `Command { std: "git" "-c" "credential.helper=" "-c" "credential.helper=/workspace/cargo-home/bin/git-credential-null" "clone" "--bare" "https://github.com/Gankro/hash-rs" "/workspace/cache/git-repos/https%3A%2F%2Fgithub.com%2FGankro%2Fhash-rs", kill_on_drop: false }`
[INFO] [stderr] Cloning into bare repository '/workspace/cache/git-repos/https%3A%2F%2Fgithub.com%2FGankro%2Fhash-rs'...
[INFO] running `Command { std: "git" "rev-parse" "HEAD", kill_on_drop: false }`
[INFO] [stdout] f3e96d429fcb83a847ae53ee624924945507a3a6
[INFO] checking Gankro/hash-rs against master#cfbc6d4cf1acbac5c025acf8ed68929caa551df3 for pr-75494-beta
[INFO] running `Command { std: "git" "clone" "/workspace/cache/git-repos/https%3A%2F%2Fgithub.com%2FGankro%2Fhash-rs" "/workspace/builds/worker-7/source", kill_on_drop: false }`
[INFO] [stderr] Cloning into '/workspace/builds/worker-7/source'...
[INFO] [stderr] done.
[INFO] validating manifest of git repo https://github.com/Gankro/hash-rs on toolchain cfbc6d4cf1acbac5c025acf8ed68929caa551df3
[INFO] running `Command { std: "/workspace/cargo-home/bin/cargo" "+cfbc6d4cf1acbac5c025acf8ed68929caa551df3" "read-manifest" "--manifest-path" "Cargo.toml", kill_on_drop: false }`
[INFO] started tweaking git repo https://github.com/Gankro/hash-rs
[INFO] finished tweaking git repo https://github.com/Gankro/hash-rs
[INFO] tweaked toml for git repo https://github.com/Gankro/hash-rs written to /workspace/builds/worker-7/source/Cargo.toml
[INFO] crate git repo https://github.com/Gankro/hash-rs already has a lockfile, it will not be regenerated
[INFO] running `Command { std: "/workspace/cargo-home/bin/cargo" "+cfbc6d4cf1acbac5c025acf8ed68929caa551df3" "fetch" "--locked" "--manifest-path" "Cargo.toml", kill_on_drop: false }`
[INFO] [stderr]  Downloading crates ...
[INFO] [stderr]   Downloaded constant_time_eq v0.1.3
[INFO] [stderr]   Downloaded autocfg v0.1.2
[INFO] [stderr]   Downloaded rand_jitter v0.1.3
[INFO] [stderr]   Downloaded regex-syntax v0.6.5
[INFO] [stderr]   Downloaded ucd-util v0.1.3
[INFO] [stderr]   Downloaded regex v1.1.2
[INFO] [stderr]   Downloaded memchr v2.2.0
[INFO] [stderr]   Downloaded utf8-ranges v1.0.2
[INFO] [stderr]   Downloaded rand_core v0.4.0
[INFO] [stderr]   Downloaded twox-hash v1.1.2
[INFO] [stderr]   Downloaded blake2-rfc v0.2.18
[INFO] [stderr]   Downloaded rustc-hash v1.0.1
[INFO] [stderr]   Downloaded const-random v0.1.3
[INFO] [stderr]   Downloaded const-random-macro v0.1.3
[INFO] [stderr]   Downloaded ahash v0.1.14
[INFO] [stderr]   Downloaded proc-macro-hack v0.5.4
[INFO] [stderr]   Downloaded murmurhash3 v0.0.5
[INFO] running `Command { std: "docker" "create" "-v" "/var/lib/crater-agent-workspace/builds/worker-7/target:/opt/rustwide/target:rw,Z" "-v" "/var/lib/crater-agent-workspace/builds/worker-7/source:/opt/rustwide/workdir:ro,Z" "-v" "/var/lib/crater-agent-workspace/cargo-home:/opt/rustwide/cargo-home:ro,Z" "-v" "/var/lib/crater-agent-workspace/rustup-home:/opt/rustwide/rustup-home:ro,Z" "-e" "SOURCE_DIR=/opt/rustwide/workdir" "-e" "CARGO_TARGET_DIR=/opt/rustwide/target" "-e" "CARGO_HOME=/opt/rustwide/cargo-home" "-e" "RUSTUP_HOME=/opt/rustwide/rustup-home" "-w" "/opt/rustwide/workdir" "-m" "1610612736" "--user" "0:0" "--network" "none" "rustops/crates-build-env@sha256:a636fd89d022f18117e1dc8fb37a0a009933cdbbe082814857f0e2024962d47c" "/opt/rustwide/cargo-home/bin/cargo" "+cfbc6d4cf1acbac5c025acf8ed68929caa551df3" "metadata" "--no-deps" "--format-version=1", kill_on_drop: false }`
[INFO] [stderr] WARNING: Your kernel does not support swap limit capabilities or the cgroup is not mounted. Memory limited without swap.
[INFO] [stdout] 5760949c72b2b386d8a179bf6fbbfbb8fc45e33784b437bab4f092c5806537e2
[INFO] running `Command { std: "docker" "start" "-a" "5760949c72b2b386d8a179bf6fbbfbb8fc45e33784b437bab4f092c5806537e2", kill_on_drop: false }`
[INFO] running `Command { std: "docker" "inspect" "5760949c72b2b386d8a179bf6fbbfbb8fc45e33784b437bab4f092c5806537e2", kill_on_drop: false }`
[INFO] running `Command { std: "docker" "rm" "-f" "5760949c72b2b386d8a179bf6fbbfbb8fc45e33784b437bab4f092c5806537e2", kill_on_drop: false }`
[INFO] [stdout] 5760949c72b2b386d8a179bf6fbbfbb8fc45e33784b437bab4f092c5806537e2
[INFO] running `Command { std: "docker" "create" "-v" "/var/lib/crater-agent-workspace/builds/worker-7/target:/opt/rustwide/target:rw,Z" "-v" "/var/lib/crater-agent-workspace/builds/worker-7/source:/opt/rustwide/workdir:ro,Z" "-v" "/var/lib/crater-agent-workspace/cargo-home:/opt/rustwide/cargo-home:ro,Z" "-v" "/var/lib/crater-agent-workspace/rustup-home:/opt/rustwide/rustup-home:ro,Z" "-e" "SOURCE_DIR=/opt/rustwide/workdir" "-e" "CARGO_TARGET_DIR=/opt/rustwide/target" "-e" "CARGO_INCREMENTAL=0" "-e" "RUST_BACKTRACE=full" "-e" "RUSTFLAGS=--cap-lints=forbid" "-e" "CARGO_HOME=/opt/rustwide/cargo-home" "-e" "RUSTUP_HOME=/opt/rustwide/rustup-home" "-w" "/opt/rustwide/workdir" "-m" "1610612736" "--user" "0:0" "--network" "none" "rustops/crates-build-env@sha256:a636fd89d022f18117e1dc8fb37a0a009933cdbbe082814857f0e2024962d47c" "/opt/rustwide/cargo-home/bin/cargo" "+cfbc6d4cf1acbac5c025acf8ed68929caa551df3" "check" "--frozen" "--all" "--all-targets" "--message-format=json", kill_on_drop: false }`
[INFO] [stdout] 1283203dd4c5a93da3e76e93b3d81d3c482469938e65ee94b20308af1f59fc3b
[INFO] [stderr] WARNING: Your kernel does not support swap limit capabilities or the cgroup is not mounted. Memory limited without swap.
[INFO] running `Command { std: "docker" "start" "-a" "1283203dd4c5a93da3e76e93b3d81d3c482469938e65ee94b20308af1f59fc3b", kill_on_drop: false }`
[INFO] [stderr]     Blocking waiting for file lock on package cache
[INFO] [stderr]    Compiling autocfg v0.1.2
[INFO] [stderr]     Checking rand_core v0.4.0
[INFO] [stderr]    Compiling proc-macro2 v0.4.27
[INFO] [stderr]    Compiling syn v0.15.29
[INFO] [stderr]    Compiling byteorder v1.3.2
[INFO] [stderr]     Checking nodrop v0.1.13
[INFO] [stderr]     Checking arrayref v0.3.5
[INFO] [stderr]     Checking constant_time_eq v0.1.3
[INFO] [stderr]     Checking murmurhash3 v0.0.5
[INFO] [stderr]     Checking fnv v1.0.6
[INFO] [stderr]    Compiling rand_core v0.3.1
[INFO] [stderr]    Compiling rand_isaac v0.1.1
[INFO] [stderr]    Compiling rand_hc v0.1.0
[INFO] [stderr]    Compiling rand_xorshift v0.1.1
[INFO] [stderr]     Checking arrayvec v0.4.10
[INFO] [stderr]     Checking rand_jitter v0.1.3
[INFO] [stderr]     Checking rand_os v0.1.3
[INFO] [stderr]     Checking blake2-rfc v0.2.18
[INFO] [stderr]    Compiling rand_pcg v0.1.2
[INFO] [stderr]    Compiling rand_chacha v0.1.1
[INFO] [stderr]    Compiling rand v0.6.5
[INFO] [stderr]     Checking rustc-hash v1.0.1
[INFO] [stderr]    Compiling quote v0.6.11
[INFO] [stderr]     Checking twox-hash v1.1.2
[INFO] [stderr]    Compiling proc-macro-hack v0.5.4
[INFO] [stderr]    Compiling const-random-macro v0.1.3
[INFO] [stderr]     Checking const-random v0.1.3
[INFO] [stderr]     Checking ahash v0.1.14
[INFO] [stderr]     Checking hash-rs v0.1.0 (/opt/rustwide/workdir)
[INFO] [stdout] error: the legacy LLVM-style asm! syntax is no longer supported
[INFO] [stdout]   --> src/multiply_shift.rs:64:14
[INFO] [stdout]    |
[INFO] [stdout] 64 |       unsafe { asm!("mulq $2"
[INFO] [stdout]    |                ^---
[INFO] [stdout]    |                |
[INFO] [stdout]    |  ______________help: replace with: `llvm_asm!`
[INFO] [stdout]    | |
[INFO] [stdout] 65 | |                   : "={rax}" (_lo), "={rdx}" (hi)
[INFO] [stdout] 66 | |                   : "r" (x), "{rax}" (y)
[INFO] [stdout] 67 | |                   : "cc" :); }
[INFO] [stdout]    | |____________________________^
[INFO] [stdout]    |
[INFO] [stdout]    = note: consider migrating to the new asm! syntax specified in RFC 2873
[INFO] [stdout]    = note: alternatively, switch to llvm_asm! to keep your code working as it is
[INFO] [stdout] 
[INFO] [stdout] 
[INFO] [stdout] error[E0554]: `#![feature]` may not be used on the beta release channel
[INFO] [stdout]  --> src/main.rs:1:1
[INFO] [stdout]   |
[INFO] [stdout] 1 | #![feature(asm)]
[INFO] [stdout]   | ^^^^^^^^^^^^^^^^
[INFO] [stdout] 
[INFO] [stdout] 
[INFO] [stdout] error[E0554]: `#![feature]` may not be used on the beta release channel
[INFO] [stdout]  --> src/main.rs:2:1
[INFO] [stdout]   |
[INFO] [stdout] 2 | #![feature(test)]
[INFO] [stdout]   | ^^^^^^^^^^^^^^^^^
[INFO] [stdout] 
[INFO] [stdout] 
[INFO] [stdout] warning: use of deprecated item 'try': use the `?` operator instead
[INFO] [stdout]   --> src/main.rs:52:9
[INFO] [stdout]    |
[INFO] [stdout] 52 |         try!(stdout().write_all(&read_buf[..size]));
[INFO] [stdout]    |         ^^^
[INFO] [stdout]    |
[INFO] [stdout]    = note: `#[warn(deprecated)]` on by default
[INFO] [stdout] 
[INFO] [stdout] 
[INFO] [stdout] warning: use of deprecated item 'try': use the `?` operator instead
[INFO] [stdout]   --> src/main.rs:83:29
[INFO] [stdout]    |
[INFO] [stdout] 83 |         let mut time_data = try!(File::create(&format!("{}-time.csv", bench_class)));
[INFO] [stdout]    |                             ^^^
[INFO] [stdout] 
[INFO] [stdout] 
[INFO] [stdout] warning: use of deprecated item 'try': use the `?` operator instead
[INFO] [stdout]   --> src/main.rs:84:29
[INFO] [stdout]    |
[INFO] [stdout] 84 |         let mut tput_data = try!(File::create(&format!("{}-throughput.csv", bench_class)));
[INFO] [stdout]    |                             ^^^
[INFO] [stdout] 
[INFO] [stdout] 
[INFO] [stdout] warning: unused macro definition
[INFO] [stdout]    --> src/main.rs:120:1
[INFO] [stdout]     |
[INFO] [stdout] 120 | / macro_rules! hash_benches {
[INFO] [stdout] 121 | |     ($Impl: ty) => {
[INFO] [stdout] 122 | |         use std::collections::hash_map::DefaultHasher as Sip13;
[INFO] [stdout] 123 | |         use std::hash::SipHasher as Sip24;
[INFO] [stdout] ...   |
[INFO] [stdout] 234 | |    }
[INFO] [stdout] 235 | | }
[INFO] [stdout]     | |_^
[INFO] [stdout]     |
[INFO] [stdout]     = note: `#[warn(unused_macros)]` on by default
[INFO] [stdout] 
[INFO] [stdout] 
[INFO] [stdout] warning: unused macro definition
[INFO] [stdout]    --> src/main.rs:237:1
[INFO] [stdout]     |
[INFO] [stdout] 237 | / macro_rules! tree_benches {
[INFO] [stdout] 238 | |     ($Impl: ty) => {
[INFO] [stdout] 239 | |         use std::collections::BTreeMap;
[INFO] [stdout] 240 | |         use rand::distributions::Standard;
[INFO] [stdout] ...   |
[INFO] [stdout] 304 | |     }
[INFO] [stdout] 305 | | }
[INFO] [stdout]     | |_^
[INFO] [stdout] 
[INFO] [stdout] 
[INFO] [stdout] error: the legacy LLVM-style asm! syntax is no longer supported
[INFO] [stdout]   --> src/multiply_shift.rs:64:14
[INFO] [stdout]    |
[INFO] [stdout] 64 |       unsafe { asm!("mulq $2"
[INFO] [stdout]    |                ^---
[INFO] [stdout]    |                |
[INFO] [stdout]    |  ______________help: replace with: `llvm_asm!`
[INFO] [stdout]    | |
[INFO] [stdout] 65 | |                   : "={rax}" (_lo), "={rdx}" (hi)
[INFO] [stdout] 66 | |                   : "r" (x), "{rax}" (y)
[INFO] [stdout] 67 | |                   : "cc" :); }
[INFO] [stdout]    | |____________________________^
[INFO] [stdout]    |
[INFO] [stdout]    = note: consider migrating to the new asm! syntax specified in RFC 2873
[INFO] [stdout]    = note: alternatively, switch to llvm_asm! to keep your code working as it is
[INFO] [stdout] 
[INFO] [stdout] 
[INFO] [stdout] error[E0554]: `#![feature]` may not be used on the beta release channel
[INFO] [stdout]  --> src/main.rs:1:1
[INFO] [stdout]   |
[INFO] [stdout] 1 | #![feature(asm)]
[INFO] [stdout]   | ^^^^^^^^^^^^^^^^
[INFO] [stdout] 
[INFO] [stdout] 
[INFO] [stdout] error[E0554]: `#![feature]` may not be used on the beta release channel
[INFO] [stdout]  --> src/main.rs:2:1
[INFO] [stdout]   |
[INFO] [stdout] 2 | #![feature(test)]
[INFO] [stdout]   | ^^^^^^^^^^^^^^^^^
[INFO] [stdout] 
[INFO] [stdout] 
[INFO] [stdout] error: aborting due to 3 previous errors; 5 warnings emitted
[INFO] [stdout] 
[INFO] [stdout] 
[INFO] [stdout] For more information about this error, try `rustc --explain E0554`.
[INFO] [stdout] 
[INFO] [stderr] error: could not compile `hash-rs`.
[INFO] [stdout] warning: use of deprecated item 'try': use the `?` operator instead
[INFO] [stdout]   --> src/main.rs:52:9
[INFO] [stdout]    |
[INFO] [stdout] 52 |         try!(stdout().write_all(&read_buf[..size]));
[INFO] [stdout]    |         ^^^
[INFO] [stdout]    |
[INFO] [stdout]    = note: `#[warn(deprecated)]` on by default
[INFO] [stdout] 
[INFO] [stdout] 
[INFO] [stderr] 
[INFO] [stdout] warning: use of deprecated item 'try': use the `?` operator instead
[INFO] [stdout]   --> src/main.rs:83:29
[INFO] [stdout]    |
[INFO] [stdout] 83 |         let mut time_data = try!(File::create(&format!("{}-time.csv", bench_class)));
[INFO] [stdout]    |                             ^^^
[INFO] [stdout] 
[INFO] [stdout] 
[INFO] [stderr] To learn more, run the command again with --verbose.
[INFO] [stdout] warning: use of deprecated item 'try': use the `?` operator instead
[INFO] [stdout]   --> src/main.rs:84:29
[INFO] [stdout]    |
[INFO] [stdout] 84 |         let mut tput_data = try!(File::create(&format!("{}-throughput.csv", bench_class)));
[INFO] [stdout]    |                             ^^^
[INFO] [stdout] 
[INFO] [stdout] 
[INFO] [stderr] warning: build failed, waiting for other jobs to finish...
[INFO] [stdout] warning: use of deprecated item 'std::hash::SipHasher': use `std::collections::hash_map::DefaultHasher` instead
[INFO] [stdout]    --> src/main.rs:123:13
[INFO] [stdout]     |
[INFO] [stdout] 123 |         use std::hash::SipHasher as Sip24;
[INFO] [stdout]     |             ^^^^^^^^^^^^^^^^^^^^
[INFO] [stdout] ...
[INFO] [stdout] 307 | #[cfg(test)] mod sip13 { hash_benches!{Sip13} }
[INFO] [stdout]     |                          -------------------- in this macro invocation
[INFO] [stdout]     |
[INFO] [stdout]     = note: this warning originates in a macro (in Nightly builds, run with -Z macro-backtrace for more info)
[INFO] [stdout] 
[INFO] [stdout] 
[INFO] [stdout] warning: use of deprecated item 'std::hash::SipHasher': use `std::collections::hash_map::DefaultHasher` instead
[INFO] [stdout]    --> src/main.rs:123:13
[INFO] [stdout]     |
[INFO] [stdout] 123 |         use std::hash::SipHasher as Sip24;
[INFO] [stdout]     |             ^^^^^^^^^^^^^^^^^^^^
[INFO] [stdout] ...
[INFO] [stdout] 308 | #[cfg(test)] mod sip24 { hash_benches!{Sip24} }
[INFO] [stdout]     |                          -------------------- in this macro invocation
[INFO] [stdout]     |
[INFO] [stdout]     = note: this warning originates in a macro (in Nightly builds, run with -Z macro-backtrace for more info)
[INFO] [stdout] 
[INFO] [stdout] 
[INFO] [stdout] warning: use of deprecated item 'std::hash::SipHasher': use `std::collections::hash_map::DefaultHasher` instead
[INFO] [stdout]    --> src/main.rs:308:40
[INFO] [stdout]     |
[INFO] [stdout] 308 | #[cfg(test)] mod sip24 { hash_benches!{Sip24} }
[INFO] [stdout]     |                                        ^^^^^
[INFO] [stdout] 
[INFO] [stdout] 
[INFO] [stdout] warning: use of deprecated item 'std::hash::SipHasher': use `std::collections::hash_map::DefaultHasher` instead
[INFO] [stdout]    --> src/main.rs:123:13
[INFO] [stdout]     |
[INFO] [stdout] 123 |         use std::hash::SipHasher as Sip24;
[INFO] [stdout]     |             ^^^^^^^^^^^^^^^^^^^^
[INFO] [stdout] ...
[INFO] [stdout] 309 | #[cfg(test)] mod fx { hash_benches!{FxHasher} }
[INFO] [stdout]     |                       ----------------------- in this macro invocation
[INFO] [stdout]     |
[INFO] [stdout]     = note: this warning originates in a macro (in Nightly builds, run with -Z macro-backtrace for more info)
[INFO] [stdout] 
[INFO] [stdout] 
[INFO] [stdout] warning: use of deprecated item 'std::hash::SipHasher': use `std::collections::hash_map::DefaultHasher` instead
[INFO] [stdout]    --> src/main.rs:123:13
[INFO] [stdout]     |
[INFO] [stdout] 123 |         use std::hash::SipHasher as Sip24;
[INFO] [stdout]     |             ^^^^^^^^^^^^^^^^^^^^
[INFO] [stdout] ...
[INFO] [stdout] 310 | #[cfg(test)] mod ahash { hash_benches!{AHash} }
[INFO] [stdout]     |                          -------------------- in this macro invocation
[INFO] [stdout]     |
[INFO] [stdout]     = note: this warning originates in a macro (in Nightly builds, run with -Z macro-backtrace for more info)
[INFO] [stdout] 
[INFO] [stdout] 
[INFO] [stdout] warning: use of deprecated item 'std::hash::SipHasher': use `std::collections::hash_map::DefaultHasher` instead
[INFO] [stdout]    --> src/main.rs:123:13
[INFO] [stdout]     |
[INFO] [stdout] 123 |         use std::hash::SipHasher as Sip24;
[INFO] [stdout]     |             ^^^^^^^^^^^^^^^^^^^^
[INFO] [stdout] ...
[INFO] [stdout] 311 | #[cfg(test)] mod xx { hash_benches!{Xx} }
[INFO] [stdout]     |                       ----------------- in this macro invocation
[INFO] [stdout]     |
[INFO] [stdout]     = note: this warning originates in a macro (in Nightly builds, run with -Z macro-backtrace for more info)
[INFO] [stdout] 
[INFO] [stdout] 
[INFO] [stdout] warning: use of deprecated item 'std::hash::SipHasher': use `std::collections::hash_map::DefaultHasher` instead
[INFO] [stdout]    --> src/main.rs:123:13
[INFO] [stdout]     |
[INFO] [stdout] 123 |         use std::hash::SipHasher as Sip24;
[INFO] [stdout]     |             ^^^^^^^^^^^^^^^^^^^^
[INFO] [stdout] ...
[INFO] [stdout] 312 | #[cfg(test)] mod fnv { hash_benches!{Fnv} }
[INFO] [stdout]     |                        ------------------ in this macro invocation
[INFO] [stdout]     |
[INFO] [stdout]     = note: this warning originates in a macro (in Nightly builds, run with -Z macro-backtrace for more info)
[INFO] [stdout] 
[INFO] [stdout] 
[INFO] [stdout] warning: use of deprecated item 'std::hash::SipHasher': use `std::collections::hash_map::DefaultHasher` instead
[INFO] [stdout]    --> src/main.rs:123:13
[INFO] [stdout]     |
[INFO] [stdout] 123 |         use std::hash::SipHasher as Sip24;
[INFO] [stdout]     |             ^^^^^^^^^^^^^^^^^^^^
[INFO] [stdout] ...
[INFO] [stdout] 313 | #[cfg(test)] mod horner { hash_benches!{HornerHasher} }
[INFO] [stdout]     |                           --------------------------- in this macro invocation
[INFO] [stdout]     |
[INFO] [stdout]     = note: this warning originates in a macro (in Nightly builds, run with -Z macro-backtrace for more info)
[INFO] [stdout] 
[INFO] [stdout] 
[INFO] [stdout] error: aborting due to 3 previous errors; 11 warnings emitted
[INFO] [stdout] 
[INFO] [stdout] 
[INFO] [stdout] For more information about this error, try `rustc --explain E0554`.
[INFO] [stdout] 
[INFO] [stderr] error: build failed
[INFO] running `Command { std: "docker" "inspect" "1283203dd4c5a93da3e76e93b3d81d3c482469938e65ee94b20308af1f59fc3b", kill_on_drop: false }`
[INFO] running `Command { std: "docker" "rm" "-f" "1283203dd4c5a93da3e76e93b3d81d3c482469938e65ee94b20308af1f59fc3b", kill_on_drop: false }`
[INFO] [stdout] 1283203dd4c5a93da3e76e93b3d81d3c482469938e65ee94b20308af1f59fc3b
